Suppose 7*s - 24 = 2153. Suppose 5*o - s = 99. What are the prime factors of o?
2, 41
Let q(a) = 0*a**3 + 0*a**3 - a**2 - 4*a**3 + 19 + 5*a**3. Let r be (2/(-4))/1*0. What are the prime factors of q(r)?
19
Let q(c) = -c**2 - 31*c - 5. Suppose 0 = -s + 3*s + 44. List the prime factors of q(s).
193
Let t be (-24)/30 + 84/(-20). Let q = 25 - t. List the prime factors of q.
2, 3, 5
What are the prime factors of (-646 - (-9 + -4))*(-20)/6?
2, 5, 211
Suppose 4*z = 237 + 195. Suppose 3*k + 3*l = z, -4*k + 4*l + l = -126. What are the prime factors of k?
2, 17
Let n = 44 + -12. Let i(l) = l**2 + 11*l - 1. Let z be i(-9). Let x = n + z. List the prime factors of x.
13
Let v(h) = h**2 + 15*h + 3. Let k be v(-15). Suppose -4*u - 2*f - 48 = -0*u, k*u = -2*f - 36. List the prime factors of 2/((-16)/u)*14.
3, 7
Suppose -249 - 963 = -6*a. Suppose 2*h + 0*h = 4*o + a, 12 = 4*o. List the prime factors of h.
107
Suppose 0 = -13*k + 7*k + 5*u + 6691, 0 = -k + u + 1116. What are the prime factors of k?
11, 101
Let p = -408 + 552. List the prime factors of p.
2, 3
Let g(s) = 10*s**3 + 2*s**2 - 2*s - 2. Let w be g(2). Let y = w - 22. List the prime factors of y.
2, 3, 5
Let m(u) = -2*u + 9. Let w(x) = x. Let j(z) = -m(z) + 4*w(z). Suppose 4*t = s - 3*s + 30, 0 = s - 3*t + 5. What are the prime factors of j(s)?
3, 11
Suppose -3*j = -j + 10. Let s(u) = 3*u**2 + 5*u + 17. List the prime factors of s(j).
67
Let r(j) = -j**3 - 15*j**2 + 10. Let v be r(-15). Let n(x) = 18*x + 16. List the prime factors of n(v).
2, 7
Suppose -4*a - 500 = 6*l - 10*l, l - 137 = -3*a. List the prime factors of l.
2
Let a = 6 + 0. Suppose 0 = -a*h + h + u + 555, 5*h - 555 = -2*u. List the prime factors of h.
3, 37
Let h(k) = k**3 + 4*k**2 - k + 4. Let x = 10 + -7. What are the prime factors of h(x)?
2
Suppose -4*g = q + 4*q + 10, -4*g = -5*q + 30. Suppose q*u = 5*u - 252. What are the prime factors of u?
2, 3, 7
Let f be (-24)/2*-3 + 2. Let c be 3/15 + f/10. Suppose 0 = -c*q + 65 + 59. What are the prime factors of q?
31
Suppose 5*t + 4*t = -3*t. Suppose -3*m = -21 - 9. Suppose 5*x + t = m. What are the prime factors of x?
2
Suppose 2528 - 923 = 5*i. Let o = i + -200. What are the prime factors of o?
11
Let p = 25 + -29. List the prime factors of -7*(p + 2 + -3).
5, 7
List the prime factors of ((-92)/(-16) - 6)*-2228.
557
Suppose -2*h - 41 + 47 = 0. What are the prime factors of (2 - -2)*h*1?
2, 3
Let m(f) = -59*f - 40. List the prime factors of m(-12).
2, 167
Let y(b) = -12*b - 10. Let t be y(-3). Let g = 98 - t. What are the prime factors of g?
2, 3
Let y = 2783 - 1983. List the prime factors of y.
2, 5
What are the prime factors of (6992/(-69))/((-4)/6)?
2, 19
Suppose -158 = -2*b + 24. What are the prime factors of b?
7, 13
Let g be 7/(-2) - 3/(-6). Let u(k) = k + 9 + 2*k - 2*k + 0*k. What are the prime factors of u(g)?
2, 3
Let s = -15 - -15. Let z be -14*((-213)/6 - s). What are the prime factors of z/9 - 6/27?
5, 11
Let w(z) = -z**3 - 5*z**2 - 6*z - 7. Let u be w(-5). Let r = 14 - u. Let t = r + 37. What are the prime factors of t?
2, 7
Suppose 14*h + 8 = 18*h. Suppose -4*m = h*c + 3*c - 378, 0 = 2*c + 5*m - 158. What are the prime factors of c?
2, 37
Let m(h) = -h**3 - 2*h**2 - 18*h - 8. What are the prime factors of m(-6)?
2, 61
Let z be ((-12)/(-5))/(-2)*-5. Suppose -n = 4 - z. Suppose -d = 4*h - 69, h + 0*d + n*d = 19. What are the prime factors of h?
17
Let i = -10 + 22. Let x be 4 + (i/(-3) - -2). Suppose x*h = -2*u + 45 + 37, -h - 5*u + 41 = 0. List the prime factors of h.
41
Let w(b) = -b**2 - 8*b - 8. Let v be w(-6). Suppose -v*j + 70 = -54. List the prime factors of j.
31
Let h(q) = q**2 + 7*q - 25. Let n be h(-14). Suppose g - 3*g = -5*l + 297, 3*g - n = -l. What are the prime factors of l?
61
Let i(o) be the second derivative of -3*o**3/2 - 5*o**2/2 + 6*o + 2. List the prime factors of i(-32).
283
Let n(m) = -m + 7. Let l be n(3). Let w(f) = -8 - l - 7 + 3*f. List the prime factors of w(11).
2, 7
Let q(x) = x**2 + 23*x - 5. Let w be q(-16). Let l = 197 + w. What are the prime factors of l?
2, 5
Let o = 7 - 38. Let y = 71 + o. List the prime factors of y.
2, 5
Suppose -118 = -2*q + 3*y + 488, -1228 = -4*q + 2*y. What are the prime factors of q?
3, 103
Let m = 14 - -8. Suppose -f = f + m. Let g(j) = -3*j + 18. What are the prime factors of g(f)?
3, 17
What are the prime factors of ((-2)/6)/(4/(-27012))?
2251
Let u(l) = 2*l + 6. Let f be u(-3). Suppose -3*s = -f*s - 2*i - 238, 3*i = 5*s - 397. List the prime factors of s.
2, 5
Let j = 112 + 2268. List the prime factors of j.
2, 5, 7, 17
Let i be ((-51)/(-6))/((-5)/70). Let j = -59 - i. Let m = j + -32. List the prime factors of m.
2, 7
Let t = 197 - 93. Let o = -58 + t. What are the prime factors of o?
2, 23
Let m be ((-5)/(-15))/(1/12). Suppose -m*t = -0*t - 200. List the prime factors of t.
2, 5
Let v(a) = a**3 + 2*a - 2. Let u be v(0). List the prime factors of 440/11 - (u - -1).
41
Let i(l) = -4*l**3 - 21*l**2 + 31*l - 13. What are the prime factors of i(-10)?
19, 83
What are the prime factors of (-682048)/(-1216) - (-4)/38?
3, 11, 17
Suppose -6*v + 32 = 8. Suppose v*n = y - 18, -2*y + 3*n + 8 = -8. What are the prime factors of -4 + y - -5 - 1?
2
Suppose -2*w - 4*d + 36 = -8*d, -3*w + 5*d = -53. Let v = w - 20. What are the prime factors of -4*((-33)/v)/(-3)?
11
Let f(y) = -y + 2. Let q be f(0). Suppose 4*x + q = 6*x. What are the prime factors of 74/4 + x/(-2)?
2, 3
Suppose p + 5*t = -181, -4*t + 855 = -5*p - 108. Let c = 284 + p. Let o = -44 + c. List the prime factors of o.
7
Let n(b) = 14*b - 1. Let q(j) = j**2 + j - 2. Let t be q(-4). Let k be (t/(-25))/(2/(-10)). What are the prime factors of n(k)?
3
Let n(f) = 3*f**2 + 10*f + 5. Let i be n(-3). What are the prime factors of i*(-4 + 2) + 81/3?
23
Suppose 3*u + 12*a - 11*a - 6894 = 0, a - 4597 = -2*u. What are the prime factors of u?
2297
Suppose 5*g + 3*s + 30 = 0, s = -g + 2 - 8. Let p(u) = -12*u - 2. What are the prime factors of p(g)?
2, 5, 7
Let s = 154 + -70. Suppose -5*j + 684 = s. List the prime factors of j.
2, 3, 5
Let o(f) = -f**3 - 8*f**2 - 3*f + 4. Let p be o(-7). Let h be (-44)/p - 1/(-6). Suppose -3*c + 9 = 5*k - 36, c = -h*k + 18. List the prime factors of k.
3
Let l(k) = 2*k**2 + 2*k - 7. Suppose -n + 8 = -u + 4*n, 4*u - 3*n = -32. What are the prime factors of l(u)?
3, 5, 7
Let w = 157 + 267. List the prime factors of w.
2, 53
Let c(n) be the third derivative of 4*n**2 + 1/20*n**5 + 1/6*n**4 + 0 - 1/40*n**6 + 0*n + 1/2*n**3. List the prime factors of c(-2).
31
Let u(y) = y**3 + 55*y**2 - 83*y - 211. What are the prime factors of u(-55)?
2, 7, 311
Suppose -2*v + 5 + 5 = 0. Suppose -v*c = -53 - 2. Suppose c*t = 10*t + 35. List the prime factors of t.
5, 7
Suppose -4*u + 5*u - 3 = 0. Suppose 5*v + 25 = 0, 2*g - 5*g = u*v - 480. List the prime factors of g.
3, 5, 11
Suppose -12950 = -12*v + 19978. List the prime factors of v.
2, 7
Let p(a) = -a**3 - 13*a**2 + 13*a + 5. Let t be p(-14). Let u(z) = z**3 - 13 + 38*z - 9*z**2 - 11*z - t*z. List the prime factors of u(9).
59
Let r(f) = -9*f**2 + 2*f - 4. Let i be r(2). Let u be 3/(-18) + 138/i. List the prime factors of 669/15 - u/10.
3, 5
Suppose 0 = -3*m + 7 - 1. Suppose -92 = -6*l - m. What are the prime factors of l?
3, 5
Let f(y) = 17*y**2 - 8*y + 30. List the prime factors of f(7).
3, 269
Suppose 0 = 4*f - 8*f - 3*j + 2685, -2045 = -3*f + 4*j. What are the prime factors of f?
3, 5
Suppose 5 - 9 = -k. Suppose -5*z - 10 = 0, -k*z - 98 = w - 3*w. List the prime factors of w.
3, 5
Let t(s) = s**2 - 5*s + 5. Let y be t(5). Suppose a = -y*a + 216. What are the prime factors of a?
2, 3
Let q(y) = 25*y - 43. Let o be q(19). Suppose -5*s = -138 - o. What are the prime factors of s?
2, 3, 19
Let w(g) = g**3 - 3*g**2 - 3*g - 14. Let c be (5/(-7) - 1)*(-56)/16. What are the prime factors of w(c)?
2, 19
Suppose -17*l + 14*l = -3*c + 8544, 0 = 3*c + 2*l - 8519. List the prime factors of c.
2843
Let c(a) = 8*a**2 + a - 10. Let t(d) = -17*d**2 - 2*d + 21. Let h(y) = 13*c(y) + 6*t(y). Let n be h(4). Suppose p - 18 - n = 0. List the prime factors of p.
2, 5
Let k = -32 + 32. Suppose -d - 3*u + 209 = k, d + 3*u - 210 = u. List the prime factors of d.
2, 53
Let n = 434 - 45. What are the prime factors of n?
389
What a